
3, 7
Let a(b) = 4*b**2 + b**3 + b**2 - 10*b + 3*b**2 + 1. Let r be 3/(-8) - -69*(-5)/40. What are the prime factors of a(r)?
2, 5
Let d(z) = -7 + 2*z + z - 2*z + 1. Let m be d(11). Suppose 3*j - 304 = -m*w, 0*j - 2*j - 190 = -3*w. What are the prime factors of w?
2, 31
Suppose y - 30 = -3*v - 2*v, v + 5*y = 30. Suppose 40 = 2*a + o, 4*a - 72 = -3*o + v*o. List the prime factors of a.
19
Let m(a) = 785*a**2 + 4*a. List the prime factors of m(-1).
11, 71
Suppose -543 = -5*d + 237. Suppose 2*o - d = -0*o. Suppose u + 3*q = -2*u + o, -u + 4*q = -16. What are the prime factors of u?
2, 3
Let s(y) be the second derivative of y**4/2 + 5*y**3/6 + 2*y**2 + 8*y. What are the prime factors of s(-2)?
2, 3
Suppose -2*c + c = 1, 4*c = 4*w. What are the prime factors of (-46 + w)/(-3 + 2)?
47
Suppose -4*p + 1923 = -p. What are the prime factors of p?
641
Let x(v) = 92*v - 154. What are the prime factors of x(5)?
2, 3, 17
Suppose -30 = -5*z - f, 3*f + 25 = 2*z - 4. Suppose -383 = -3*a + j, -4*j + 645 = 5*a + j. Suppose z*v = 11*v - a. What are the prime factors of v?
2
Let h(q) = q + 1. Let u(a) = a**2 + a - 7. Let w(t) = -6*h(t) - u(t). Let z be ((-6)/(-4))/(60/(-24) + 2). List the prime factors of w(z).
13
Let h(x) = -6*x - 5*x + 4*x + x. List the prime factors of h(-3).
2, 3
Suppose -g + 2 = -6. Suppose -g*j + 4*j + 8 = 0. Suppose 23 + j = z. What are the prime factors of z?
5
Let d be 0 + (1 - -2) + -1. Let t(j) = 22*j**2 - 7*j**2 + 18*j**2 - d*j**2. List the prime factors of t(1).
31
Suppose 25 = 4*s - 5*b - 75, -64 = -4*s - 4*b. Suppose -n + s = -0*n. List the prime factors of ((-13)/4)/((-5)/n).
13
Let s(v) = -v**3 - 2*v**2 - 2*v - 1. Let y be s(-2). Suppose -2*b - y*b - x = -39, 4*b + 3*x - 29 = 0. List the prime factors of b.
2
Let g(q) = 19*q + 10. Let k be g(-5). List the prime factors of (k - (-6)/(-6))/(2/(-4)).
2, 43
Let g = 14186 - 9491. What are the prime factors of g?
3, 5, 313
List the prime factors of ((6 - 2)/(-8))/(8/(-592)).
37
Suppose -5*a + 2392 = 3*a. Suppose a + 85 = 6*r. What are the prime factors of r?
2
Let p(x) = -3*x**3 - 4*x**2 - 10*x - 8. Let m(l) = -4*l + 13. Let u be m(4). List the prime factors of p(u).
67
Let s(t) = -26*t + 17. List the prime factors of s(-12).
7, 47
Let m(q) = q + 1. Let u be m(8). Suppose 10 + u = i. What are the prime factors of i/2*(-12)/(-6)?
19
Let l(n) = 10*n + 180. List the prime factors of l(10).
2, 5, 7
Let l = -15 + 17. Suppose l = -2*a - 34. Let n = a - -51. What are the prime factors of n?
3, 11
Suppose -12 = 5*o + 13. Let t(q) = -2*q - 5. Let a be t(o). Suppose -2*v = -89 + a. What are the prime factors of v?
2, 3, 7
Let z(m) = -m**2 + 10*m - 11. Suppose 26 = -3*a - 5*t, t + t + 4 = 2*a. Let k be 3/6 + (-15)/a. List the prime factors of z(k).
5
Suppose -2 = -5*k + 8. Suppose k*h + 25 = 5*y - 7, 4*y = 16. Let f = h - -23. List the prime factors of f.
17
Let y(a) = a**2 + 3*a - 6. Let v be y(-5). Suppose -3*w = i + 192, -i = -v*w - 0*w - 263. Let m = 97 + w. What are the prime factors of m?
2
Suppose -5*l = -3*s + 7, l = -3 + 4. Suppose -s*k + 8*k = 196. List the prime factors of k.
7
Suppose 4*o - 22 = -10. Suppose -o*m + 36 = -105. Suppose -4*q = -3*a - 201 + 24, q + 2*a = m. What are the prime factors of q?
3, 5
Let v(n) = 2*n**2 - 39*n - 118. What are the prime factors of v(30)?
2
Let l(a) = 2*a**2 + 16*a + 99. List the prime factors of l(14).
5, 11, 13
Let s(z) = z**2 + 5*z + 2. Suppose 17 = 4*r + 1. Suppose -2*m - 8 = -0*m + 4*v, 5*m - r*v + 34 = 0. List the prime factors of s(m).
2
Suppose -2*b + 36*v - 38*v = -5208, -5*b = -4*v - 13002. What are the prime factors of b?
2, 1301
Let o(t) = t - 1. Let b be o(0). Let k be 3/b - (-7 - 38). Suppose 3*c = 99 - k. What are the prime factors of c?
19
Suppose -10*j + 7*j = -3825. What are the prime factors of j?
3, 5, 17
Let m(w) = -w + 19 + 31 - 7. What are the prime factors of m(0)?
43
Let g(h) = -h**2 - 8*h - 13. Let w be g(-4). List the prime factors of w/(-5) + (-286)/(-110).
2
Let o(j) = j + 1. Let g(n) = 5*n - 5. Let l(a) = 2*g(a) + 4*o(a). List the prime factors of l(4).
2, 5
Suppose -62*b + 56*b + 144 = 0. List the prime factors of b.
2, 3
Let d(h) = 3*h + 5. Suppose u + 3 = 23. Suppose f = -4*f + u. List the prime factors of d(f).
17
Let u(l) = -28*l + 748. What are the prime factors of u(-63)?
2, 157
Let t(n) be the first derivative of -1 + 0*n**2 - 2*n**3 + 1/4*n**4 - n. What are the prime factors of t(7)?
2, 3
Let q(m) be the third derivative of 7*m**6/120 + m**5/60 - m**4/24 + 2*m**2 + 204. Let z = -1 + 2. What are the prime factors of q(z)?
7
Suppose 0 = 5*n - 20 - 15. Let g = -6 + n. What are the prime factors of g/5 + (-44)/(-5)?
3
Suppose 25*h - 81 = -f + 21*h, 3*f - 5*h = 277. What are the prime factors of f?
89
Let o = 27 + -25. What are the prime factors of 1*o*222/12?
37
Let o = -9 + 0. Let j = -7 - o. Suppose j*m + 245 = 7*m. List the prime factors of m.
7
Let d = 9 - 11. Let a be ((-15)/(-35))/(d/(-14)). Suppose 3*g = a*h - 60, 3*g = 3*h - 8*h + 68. List the prime factors of h.
2
Let k(f) = -4*f**2 + f - 7. Let g(p) = -p**2 + p - 1. Let h(m) = -5*g(m) + k(m). What are the prime factors of h(7)?
19
Let b = 16 - 14. Suppose 2*l - 44 = 5*x - 10, b*x = -4. Suppose 2*s = -l + 70. List the prime factors of s.
29
Let w be 10*2/(-12) + (-2)/6. What are the prime factors of (w - 0) + 36/2?
2
Let n be 30 - (3 + (-3)/((-9)/(-15))). Let t = n + -9. What are the prime factors of t?
23
Let x(u) = -12*u - 28. Let d(b) = 4*b + 9. Let l(r) = 7*d(r) + 2*x(r). What are the prime factors of l(15)?
67
Suppose 3*z + 1856 = -f + 3*f, -1872 = -2*f - z. List the prime factors of f.
2, 467
Let x(h) = h**2. Let m(u) = -4*u**2 - 12*u - 4. Let f(o) = -m(o) - x(o). What are the prime factors of f(-5)?
19
What are the prime factors of ((-668)/6 - -2)*(-891)/396?
2, 3, 41
Suppose -13*m + 21413 = 3161. List the prime factors of m.
2, 3, 13
Let l(c) = 5*c**2 + c - 5. Let n = 13 + -10. List the prime factors of l(n).
43
Suppose 4*a - 4840 - 52 = 0. List the prime factors of a.
1223
List the prime factors of -2328*10/20*-1.
2, 3, 97
Let t(q) = -q**2 - 16*q - 63. Let y be t(-10). Let g(a) = -2*a**2 - a**2 + 7*a**2 + 3 + a**3 + a. List the prime factors of g(y).
3
Let s(c) = -2*c**2 + 21*c - 17. Let t be s(9). Let q(n) = n**3 - 7*n**2 - 6*n - 29. List the prime factors of q(t).
211
Let t be -4 - (6/(-8) - (-410)/(-40)). Suppose 4*x + 4*d = 356, t*x - 2*x - 4*d = 418. List the prime factors of x.
2, 43
Suppose -5*o = -3*k + 11, 0*k - 3*o = 2*k - 39. Suppose 0 = h + 2*h - k. Suppose 2*r = h*v - 8*v + 70, -2*v - 127 = -5*r. List the prime factors of r.
3
Suppose -839 - 279 = -13*b. What are the prime factors of b?
2, 43
Let i(j) be the first derivative of 0*j + 34/3*j**3 + 1/2*j**2 + 4. List the prime factors of i(-1).
3, 11
Let x be 20/(-25)*(-1 - 119). Let p = x + -60. What are the prime factors of p?
2, 3
Suppose 1561 - 329 = 4*b. Suppose -5*z - b = -7*z. List the prime factors of z.
2, 7, 11
Let b(g) = -g**2 - 2*g - 4. Let y be b(-3). Let d be 5*y/((-35)/(-18)). Let x = -9 - d. List the prime factors of x.
3
Let s be (-8 - -9)*(-3)/(-2)*-4. Let u = 13 + s. What are the prime factors of u?
7
Suppose -5*l = h - 7979, 4*l + 14*h - 6372 = 16*h. List the prime factors of l.
5, 11, 29
Let o(f) = 5*f**3 - 2*f**2 + 4*f - 5. Let d be o(4). Suppose 5*z + d = 754. List the prime factors of z.
7, 13
Let s(n) = n**3 + 44*n**2 + 55*n + 79. What are the prime factors of s(-42)?
1297
Let t(b) = -b**3 + b**2 - b + 1. Let w(c) = -4*c**3 + 8*c**2 + 3*c - 1. Let v(x) = 2*t(x) - w(x). List the prime factors of v(6).
3, 7
Let g(k) be the third derivative of 133*k**4/24 - 7*k**3/3 + 31*k**2. List the prime factors of g(2).
2, 3, 7
Let q be 75/(-10)*(-4)/3. Let o = q + 8. Let z = o - 0. List the prime factors of z.
2, 3
Suppose l - 14 = -4*u, u - 2*l + 7 = 2*u. Suppose u*y + 2 = y, -y = -2*p + 55. List the prime factors of p/36 + (-154)/(-8).
2, 5
Let p = 95 + -77. What are the prime factors of (-3)/(-18) - (-69)/p?
2
Let c be (-1)/(-3) - (-118)/6. Suppose -4*m = f - 2*f - 18, -m - 3*f + 11 = 0. Let u = m + c. What are the prime factors of u?
5
Let f(l) = l**2 - 3*l - 1. Let u be f(4). Suppose -3*z - k + 10 = 0, 0 = u*z + z - k - 18. List the prime factors of (3 - 6) + z - -22